{"id":15,"date":"2022-09-07T19:51:17","date_gmt":"2022-09-07T19:51:17","guid":{"rendered":"https:\/\/cepos.com.mx\/kineticlab\/?page_id=15"},"modified":"2023-04-17T16:29:15","modified_gmt":"2023-04-17T16:29:15","slug":"inicio","status":"publish","type":"page","link":"https:\/\/cepos.com.mx\/kineticlab\/","title":{"rendered":"INICIO"},"content":{"rendered":"<p>[et_pb_section fb_built=\u00bb1&#8243; fullwidth=\u00bbon\u00bb _builder_version=\u00bb4.18.0&#8243; _module_preset=\u00bbdefault\u00bb box_shadow_style=\u00bbpreset3&#8243; global_colors_info=\u00bb{}\u00bb][et_pb_fullwidth_image src=\u00bbhttps:\/\/cepos.com.mx\/kineticlab\/wp-content\/uploads\/2022\/09\/banerkinetic.jpg\u00bb title_text=\u00bbbanerkinetic\u00bb _builder_version=\u00bb4.18.0&#8243; _module_preset=\u00bbdefault\u00bb animation_style=\u00bbfade\u00bb global_colors_info=\u00bb{}\u00bb][\/et_pb_fullwidth_image][\/et_pb_section][et_pb_section fb_built=\u00bb1&#8243; _builder_version=\u00bb4.18.0&#8243; _module_preset=\u00bbdefault\u00bb background_enable_color=\u00bboff\u00bb use_background_color_gradient=\u00bbon\u00bb background_color_gradient_stops=\u00bb#5800cc 1%|#1f1a6b 100%\u00bb background_image=\u00bbhttps:\/\/cepos.com.mx\/kineticlab\/wp-content\/uploads\/2023\/04\/fondo_kineticlab.jpg\u00bb global_colors_info=\u00bb{}\u00bb][et_pb_row column_structure=\u00bb1_2,1_2&#8243; _builder_version=\u00bb4.18.0&#8243; _module_preset=\u00bbdefault\u00bb global_colors_info=\u00bb{}\u00bb][et_pb_column type=\u00bb1_2&#8243; _builder_version=\u00bb4.18.0&#8243; _module_preset=\u00bbdefault\u00bb global_colors_info=\u00bb{}\u00bb][et_pb_image src=\u00bbhttps:\/\/cepos.com.mx\/kineticlab\/wp-content\/uploads\/2023\/04\/plantillas_kinetic.jpg\u00bb title_text=\u00bbplantillas_kinetic\u00bb _builder_version=\u00bb4.18.0&#8243; _module_preset=\u00bbdefault\u00bb animation_style=\u00bbzoom\u00bb box_shadow_style=\u00bbpreset2&#8243; global_colors_info=\u00bb{}\u00bb][\/et_pb_image][\/et_pb_column][et_pb_column type=\u00bb1_2&#8243; _builder_version=\u00bb4.18.0&#8243; _module_preset=\u00bbdefault\u00bb global_colors_info=\u00bb{}\u00bb][et_pb_text _builder_version=\u00bb4.18.0&#8243; _module_preset=\u00bbdefault\u00bb background_layout=\u00bbdark\u00bb custom_margin=\u00bb||11px|||\u00bb hover_enabled=\u00bb0&#8243; global_colors_info=\u00bb{}\u00bb animation_style=\u00bbslide\u00bb animation_direction=\u00bbtop\u00bb sticky_enabled=\u00bb0&#8243;]<\/p>\n<h2><em><strong>Kinetic Lab\u00ae<\/strong> Laboratorio l\u00edder en la fabricaci\u00f3n y maquila de ortoticos, ortesis y <strong>plantillas para el pie<\/strong>. proveyendo a <strong>pod\u00f3logos, ortesistas, ortopedistas, fisioterapeutas, expertos en heridas y traumat\u00f3logos<\/strong>, entre otros para el tratamiento de sus <strong>pacientes.<\/strong><\/em><\/h2>\n<p>[\/et_pb_text][et_pb_text _builder_version=\u00bb4.18.0&#8243; _module_preset=\u00bbdefault\u00bb background_layout=\u00bbdark\u00bb global_colors_info=\u00bb{}\u00bb]<\/p>\n<div class=\"elementToProof\">\u00a0<\/div>\n<ul>\n<li class=\"elementToProof\">Plantillas personalizadas<\/li>\n<li class=\"elementToProof\">Correctivas<\/li>\n<li class=\"elementToProof\">Compensadoras<\/li>\n<li class=\"elementToProof\">Preventivas<\/li>\n<li class=\"elementToProof\">Para deportistas<\/li>\n<li class=\"elementToProof\">Cavo<\/li>\n<li class=\"elementToProof\">Diab\u00e9tico<\/li>\n<li class=\"elementToProof\">Calloso<\/li>\n<li class=\"elementToProof\">Ulceras<\/li>\n<\/ul>\n<p>[\/et_pb_text][et_pb_button button_url=\u00bbhttps:\/\/cepos.com.mx\/kineticlab\/plantillas\/\u00bb button_text=\u00bbVER PLANTILLAS\u00bb button_alignment=\u00bbcenter\u00bb _builder_version=\u00bb4.18.0&#8243; _module_preset=\u00bbdefault\u00bb custom_button=\u00bbon\u00bb button_text_size=\u00bb15px\u00bb button_text_color=\u00bb#FFFFFF\u00bb button_bg_color=\u00bb#1F1A6B\u00bb button_border_color=\u00bb#EDF000&#8243; button_border_radius=\u00bb13px\u00bb animation_style=\u00bbbounce\u00bb box_shadow_style=\u00bbpreset1&#8243; global_colors_info=\u00bb{}\u00bb][\/et_pb_button][\/et_pb_column][\/et_pb_row][\/et_pb_section]<\/p>\n","protected":false},"excerpt":{"rendered":"<p>Kinetic Lab\u00ae Laboratorio l\u00edder en la fabricaci\u00f3n y maquila de ortoticos, ortesis y plantillas para el pie. proveyendo a pod\u00f3logos, ortesistas, ortopedistas, fisioterapeutas, expertos en heridas y traumat\u00f3logos, entre otros para el tratamiento de sus pacientes.\u00a0 Plantillas personalizadas Correctivas Compensadoras Preventivas Para deportistas Cavo Diab\u00e9tico Calloso Ulceras<\/p>\n","protected":false},"author":1,"featured_media":0,"parent":0,"menu_order":0,"comment_status":"closed","ping_status":"closed","template":"","meta":{"_et_pb_use_builder":"on","_et_pb_old_content":"","_et_gb_content_width":"","footnotes":""},"class_list":["post-15","page","type-page","status-publish","hentry"],"_links":{"self":[{"href":"https:\/\/cepos.com.mx\/kineticlab\/wp-json\/wp\/v2\/pages\/15","targetHints":{"allow":["GET"]}}],"collection":[{"href":"https:\/\/cepos.com.mx\/kineticlab\/wp-json\/wp\/v2\/pages"}],"about":[{"href":"https:\/\/cepos.com.mx\/kineticlab\/wp-json\/wp\/v2\/types\/page"}],"author":[{"embeddable":true,"href":"https:\/\/cepos.com.mx\/kineticlab\/wp-json\/wp\/v2\/users\/1"}],"replies":[{"embeddable":true,"href":"https:\/\/cepos.com.mx\/kineticlab\/wp-json\/wp\/v2\/comments?post=15"}],"version-history":[{"count":25,"href":"https:\/\/cepos.com.mx\/kineticlab\/wp-json\/wp\/v2\/pages\/15\/revisions"}],"predecessor-version":[{"id":208,"href":"https:\/\/cepos.com.mx\/kineticlab\/wp-json\/wp\/v2\/pages\/15\/revisions\/208"}],"wp:attachment":[{"href":"https:\/\/cepos.com.mx\/kineticlab\/wp-json\/wp\/v2\/media?parent=15"}],"curies":[{"name":"wp","href":"https:\/\/api.w.org\/{rel}","templated":true}]}}